{"id":1101,"date":"2017-02-12T16:32:31","date_gmt":"2017-02-12T15:32:31","guid":{"rendered":"http:\/\/dpsg-st-anno.de\/?page_id=1101"},"modified":"2025-09-24T19:07:44","modified_gmt":"2025-09-24T17:07:44","slug":"kontakt","status":"publish","type":"page","link":"https:\/\/dpsg-st-anno.de\/?page_id=1101","title":{"rendered":"Kontakt"},"content":{"rendered":"<p style=\"text-align: left;\"><div id=\"wpgmza_map\" class=\"wpgmza_map\" data-settings='{\"id\":\"1\",\"map_title\":\"Meine erste Karte\",\"map_width\":\"100\",\"map_height\":\"400\",\"map_start_lat\":\"50.804822\",\"map_start_lng\":\"7.190306\",\"map_start_location\":\"50.80482198732053,7.190305940920099\",\"map_start_zoom\":\"16\",\"default_marker\":\"0\",\"type\":\"1\",\"alignment\":\"1\",\"directions_enabled\":\"1\",\"styling_enabled\":\"0\",\"styling_json\":\"\",\"active\":\"0\",\"kml\":\"\",\"bicycle\":\"0\",\"traffic\":\"0\",\"dbox\":\"1\",\"dbox_width\":\"100\",\"listmarkers\":\"0\",\"listmarkers_advanced\":\"0\",\"filterbycat\":\"0\",\"ugm_enabled\":\"0\",\"ugm_category_enabled\":\"0\",\"fusion\":\"\",\"map_width_type\":\"\\\\%\",\"map_height_type\":\"px\",\"mass_marker_support\":\"1\",\"ugm_access\":\"0\",\"order_markers_by\":\"1\",\"order_markers_choice\":\"2\",\"show_user_location\":\"0\",\"default_to\":\"\",\"other_settings\":{\"store_locator_enabled\":2,\"store_locator_distance\":2,\"store_locator_bounce\":1,\"store_locator_query_string\":\"PLZ \\\/ Adresse:\",\"store_locator_default_address\":\"\",\"wpgmza_store_locator_restrict\":\"\",\"map_max_zoom\":\"1\",\"transport_layer\":0,\"wpgmza_theme_data\":\"\"}}' data-map-id='1' Data-maps-engine='' data-shortcode-attributes='{\"id\":\"1\"}' style=\"display:block; overflow:auto; width:100%; height:400px; float:left;\"><\/div><\/p>\n<p>Adresse:<\/p>\n<p>Aggerstra\u00dfe 118, 53721 Siegburg<\/p>\n<p>Montags von 17:30Uhr bis 20:30 Uhr<\/p>\n<p>E-Mail: leiterrunde@dpsg-st-anno.de<\/p>\n<p>Instagram: <a href=\"https:\/\/www.instagram.com\/anno_pfadfinder\">https:\/\/www.instagram.com\/anno_pfadfinder<\/a><\/p>\n<p><strong>Unsere Gruppenstunden finden aktuell im Lukas 2 an der Servatius- Kirche in Siegburg statt. (Kirchplatz. 2, 53721 Siegburg)\u00a0<\/strong><\/p>\n<p>Kontoverbindung:<br \/>\nKreissparkasse K\u00f6ln<br \/>\nIBAN: DE29370502990019002773<br \/>\nBIC: COKSDE33XXX<\/p>\n<p>F\u00f6rderverein:<br \/>\nKreissparkasse K\u00f6ln<br \/>\nIBAN: DE76370502990019009299<br \/>\nBIC: COKSDE33XXX<\/p>\n","protected":false},"excerpt":{"rendered":"<p>Adresse: Aggerstra\u00dfe 118, 53721 Siegburg Montags von 17:30Uhr bis 20:30 Uhr E-Mail: leiterrunde@dpsg-st-anno.de Instagram: https:\/\/www.instagram.com\/anno_pfadfinder Unsere Gruppenstunden finden aktuell im Lukas 2 an der Servatius- Kirche in Siegburg statt. (Kirchplatz. 2, 53721 Siegburg)\u00a0 Kontoverbindung: Kreissparkasse K\u00f6ln IBAN: DE29370502990019002773 BIC: COKSDE33XXX F\u00f6rderverein: Kreissparkasse K\u00f6ln IBAN: DE76370502990019009299 BIC: COKSDE33XXX<\/p>\n","protected":false},"author":1,"featured_media":0,"parent":0,"menu_order":0,"comment_status":"closed","ping_status":"closed","template":"","meta":{"footnotes":""},"class_list":["post-1101","page","type-page","status-publish","hentry"],"_links":{"self":[{"href":"https:\/\/dpsg-st-anno.de\/index.php?rest_route=\/wp\/v2\/pages\/1101","targetHints":{"allow":["GET"]}}],"collection":[{"href":"https:\/\/dpsg-st-anno.de\/index.php?rest_route=\/wp\/v2\/pages"}],"about":[{"href":"https:\/\/dpsg-st-anno.de\/index.php?rest_route=\/wp\/v2\/types\/page"}],"author":[{"embeddable":true,"href":"https:\/\/dpsg-st-anno.de\/index.php?rest_route=\/wp\/v2\/users\/1"}],"replies":[{"embeddable":true,"href":"https:\/\/dpsg-st-anno.de\/index.php?rest_route=%2Fwp%2Fv2%2Fcomments&post=1101"}],"version-history":[{"count":7,"href":"https:\/\/dpsg-st-anno.de\/index.php?rest_route=\/wp\/v2\/pages\/1101\/revisions"}],"predecessor-version":[{"id":2192,"href":"https:\/\/dpsg-st-anno.de\/index.php?rest_route=\/wp\/v2\/pages\/1101\/revisions\/2192"}],"wp:attachment":[{"href":"https:\/\/dpsg-st-anno.de\/index.php?rest_route=%2Fwp%2Fv2%2Fmedia&parent=1101"}],"curies":[{"name":"wp","href":"https:\/\/api.w.org\/{rel}","templated":true}]}}