{"id":1045,"date":"2017-02-12T13:24:42","date_gmt":"2017-02-12T12:24:42","guid":{"rendered":"http:\/\/dpsg-st-anno.de\/?page_id=1045"},"modified":"2026-02-19T15:49:30","modified_gmt":"2026-02-19T14:49:30","slug":"pfadis","status":"publish","type":"page","link":"https:\/\/dpsg-st-anno.de\/?page_id=1045","title":{"rendered":"Pfadis"},"content":{"rendered":"\n<figure class=\"wp-block-image size-large\"><img fetchpriority=\"high\" decoding=\"async\" width=\"1024\" height=\"682\" src=\"https:\/\/dpsg-st-anno.de\/wp-content\/uploads\/2025\/05\/\u00a9Bastian-Ulrich-2411-JaLa-7502-1024x682.jpg\" alt=\"\" class=\"wp-image-2113\" srcset=\"https:\/\/dpsg-st-anno.de\/wp-content\/uploads\/2025\/05\/\u00a9Bastian-Ulrich-2411-JaLa-7502-1024x682.jpg 1024w, https:\/\/dpsg-st-anno.de\/wp-content\/uploads\/2025\/05\/\u00a9Bastian-Ulrich-2411-JaLa-7502-300x200.jpg 300w, https:\/\/dpsg-st-anno.de\/wp-content\/uploads\/2025\/05\/\u00a9Bastian-Ulrich-2411-JaLa-7502-768x512.jpg 768w, https:\/\/dpsg-st-anno.de\/wp-content\/uploads\/2025\/05\/\u00a9Bastian-Ulrich-2411-JaLa-7502-1536x1024.jpg 1536w, https:\/\/dpsg-st-anno.de\/wp-content\/uploads\/2025\/05\/\u00a9Bastian-Ulrich-2411-JaLa-7502-450x300.jpg 450w, https:\/\/dpsg-st-anno.de\/wp-content\/uploads\/2025\/05\/\u00a9Bastian-Ulrich-2411-JaLa-7502.jpg 2000w\" sizes=\"(max-width: 1024px) 100vw, 1024px\" \/><\/figure>\n\n\n<p data-start=\"93\" data-end=\"416\">Wir sind die Pfadis und immer bereit f\u00fcr neue Abenteuer. Am liebsten sind wir drau\u00dfen unterwegs, am Lagerfeuer, auf Fahrt oder beim Planen eigener Aktionen. Dabei \u00fcbernehmen wir Verantwortung f\u00fcr uns selbst und f\u00fcreinander, probieren Neues aus und gestalten unsere Gruppenstunden aktiv mit. Ob wir f\u00fcr die j\u00fcngeren Stufen etwas auf die Beine stellen, eigene Projekte bauen oder gemeinsam ins Zeltlager fahren \u2013 bei uns ist immer was los.<\/p>\n<p data-start=\"560\" data-end=\"731\" data-is-last-node=\"\" data-is-only-node=\"\">Du bist zwischen 13 und 16 Jahre alt und hast Lust, Teil einer starken Gruppe zu sein? Dann komm gerne einfach mal vorbei und mach mit \u2013 wir freuen uns auf neue Gesichter!<\/p>\n<p>Montag, 19:15-20:30 Uhr, Aggerstra\u00dfe 118 in Siegburg.<\/p>\n\n\n<figure class=\"wp-block-image size-large\"><img decoding=\"async\" width=\"1024\" height=\"683\" src=\"https:\/\/dpsg-st-anno.de\/wp-content\/uploads\/2025\/05\/DSC06158-1024x683.jpg\" alt=\"\" class=\"wp-image-2120\" srcset=\"https:\/\/dpsg-st-anno.de\/wp-content\/uploads\/2025\/05\/DSC06158-1024x683.jpg 1024w, https:\/\/dpsg-st-anno.de\/wp-content\/uploads\/2025\/05\/DSC06158-300x200.jpg 300w, https:\/\/dpsg-st-anno.de\/wp-content\/uploads\/2025\/05\/DSC06158-768x512.jpg 768w, https:\/\/dpsg-st-anno.de\/wp-content\/uploads\/2025\/05\/DSC06158-1536x1024.jpg 1536w, https:\/\/dpsg-st-anno.de\/wp-content\/uploads\/2025\/05\/DSC06158-2048x1365.jpg 2048w, https:\/\/dpsg-st-anno.de\/wp-content\/uploads\/2025\/05\/DSC06158-450x300.jpg 450w\" sizes=\"(max-width: 1024px) 100vw, 1024px\" \/><\/figure>\n\n\n\n<p>Wir freuen uns auf Dich!<\/p>\n\n\n\n<p>Die Pfadis<\/p>\n\n\n\n<p>Kontakt: leiterrunde[at]dpsg-st-anno.de<\/p>\n\n\n\n<p class=\"has-text-align-center\">Unsere aktuellen Pfadileitenden:<\/p>\n\n\n\n<div class=\"wp-block-columns is-layout-flex wp-container-core-columns-is-layout-28f84493 wp-block-columns-is-layout-flex\">\n<div class=\"wp-block-column is-layout-flow wp-block-column-is-layout-flow\" style=\"flex-basis:100%\">\n<div class=\"wp-block-group is-layout-constrained wp-block-group-is-layout-constrained\">\n<figure class=\"wp-block-gallery has-nested-images columns-default is-cropped wp-block-gallery-1 is-layout-flex wp-block-gallery-is-layout-flex\">\n<figure class=\"wp-block-image size-full\"><img decoding=\"async\" width=\"768\" height=\"768\" data-id=\"2083\" src=\"https:\/\/dpsg-st-anno.de\/wp-content\/uploads\/2025\/05\/kathie-hompage.jpg\" alt=\"\" class=\"wp-image-2083\" srcset=\"https:\/\/dpsg-st-anno.de\/wp-content\/uploads\/2025\/05\/kathie-hompage.jpg 768w, https:\/\/dpsg-st-anno.de\/wp-content\/uploads\/2025\/05\/kathie-hompage-300x300.jpg 300w, https:\/\/dpsg-st-anno.de\/wp-content\/uploads\/2025\/05\/kathie-hompage-150x150.jpg 150w\" sizes=\"(max-width: 768px) 100vw, 768px\" \/><figcaption class=\"wp-element-caption\">Kathie<\/figcaption><\/figure>\n\n\n\n<figure class=\"wp-block-image size-full\"><img loading=\"lazy\" decoding=\"async\" width=\"768\" height=\"768\" data-id=\"2079\" src=\"https:\/\/dpsg-st-anno.de\/wp-content\/uploads\/2025\/05\/lara-rover-hompage.jpg\" alt=\"\" class=\"wp-image-2079\" srcset=\"https:\/\/dpsg-st-anno.de\/wp-content\/uploads\/2025\/05\/lara-rover-hompage.jpg 768w, https:\/\/dpsg-st-anno.de\/wp-content\/uploads\/2025\/05\/lara-rover-hompage-300x300.jpg 300w, https:\/\/dpsg-st-anno.de\/wp-content\/uploads\/2025\/05\/lara-rover-hompage-150x150.jpg 150w\" sizes=\"(max-width: 768px) 100vw, 768px\" \/><figcaption class=\"wp-element-caption\">Lara<\/figcaption><\/figure>\n\n\n\n<figure class=\"wp-block-image size-large\"><img loading=\"lazy\" decoding=\"async\" width=\"300\" height=\"300\" data-id=\"2133\" src=\"https:\/\/dpsg-st-anno.de\/wp-content\/uploads\/2025\/05\/IMG_0885-300x300-1.jpg\" alt=\"\" class=\"wp-image-2133\" srcset=\"https:\/\/dpsg-st-anno.de\/wp-content\/uploads\/2025\/05\/IMG_0885-300x300-1.jpg 300w, https:\/\/dpsg-st-anno.de\/wp-content\/uploads\/2025\/05\/IMG_0885-300x300-1-150x150.jpg 150w\" sizes=\"(max-width: 300px) 100vw, 300px\" \/><figcaption class=\"wp-element-caption\">Julian<\/figcaption><\/figure>\n<\/figure>\n<\/div>\n<\/div>\n<\/div>\n\n\n\n<p><\/p>\n","protected":false},"excerpt":{"rendered":"<p>Wir sind die Pfadis und immer bereit f\u00fcr neue Abenteuer. Am liebsten sind wir drau\u00dfen unterwegs, am Lagerfeuer, auf Fahrt oder beim Planen eigener Aktionen. Dabei \u00fcbernehmen wir Verantwortung f\u00fcr uns selbst und f\u00fcreinander, probieren Neues aus und gestalten unsere Gruppenstunden aktiv mit. Ob wir f\u00fcr die j\u00fcngeren Stufen etwas auf die Beine stellen, eigene [&hellip;]<\/p>\n","protected":false},"author":1,"featured_media":0,"parent":1023,"menu_order":3,"comment_status":"closed","ping_status":"closed","template":"sidebar-page.php","meta":{"footnotes":""},"class_list":["post-1045","page","type-page","status-publish","hentry"],"_links":{"self":[{"href":"https:\/\/dpsg-st-anno.de\/index.php?rest_route=\/wp\/v2\/pages\/1045","targetHints":{"allow":["GET"]}}],"collection":[{"href":"https:\/\/dpsg-st-anno.de\/index.php?rest_route=\/wp\/v2\/pages"}],"about":[{"href":"https:\/\/dpsg-st-anno.de\/index.php?rest_route=\/wp\/v2\/types\/page"}],"author":[{"embeddable":true,"href":"https:\/\/dpsg-st-anno.de\/index.php?rest_route=\/wp\/v2\/users\/1"}],"replies":[{"embeddable":true,"href":"https:\/\/dpsg-st-anno.de\/index.php?rest_route=%2Fwp%2Fv2%2Fcomments&post=1045"}],"version-history":[{"count":19,"href":"https:\/\/dpsg-st-anno.de\/index.php?rest_route=\/wp\/v2\/pages\/1045\/revisions"}],"predecessor-version":[{"id":2457,"href":"https:\/\/dpsg-st-anno.de\/index.php?rest_route=\/wp\/v2\/pages\/1045\/revisions\/2457"}],"up":[{"embeddable":true,"href":"https:\/\/dpsg-st-anno.de\/index.php?rest_route=\/wp\/v2\/pages\/1023"}],"wp:attachment":[{"href":"https:\/\/dpsg-st-anno.de\/index.php?rest_route=%2Fwp%2Fv2%2Fmedia&parent=1045"}],"curies":[{"name":"wp","href":"https:\/\/api.w.org\/{rel}","templated":true}]}}

<figure class="wp-block-image size-large"><img fetchpriority="high" decoding="async" width="1024" height="682" src="https://dpsg-st-anno.de/wp-content/uploads/2025/05/©Bastian-Ulrich-2411-JaLa-7502-1024x682.jpg" alt="" class="wp-image-2113" srcset="https://dpsg-st-anno.de/wp-content/uploads/2025/05/©Bastian-Ulrich-2411-JaLa-7502-1024x682.jpg 1024w, https://dpsg-st-anno.de/wp-content/uploads/2025/05/©Bastian-Ulrich-2411-JaLa-7502-300x200.jpg 300w, https://dpsg-st-anno.de/wp-content/uploads/2025/05/©Bastian-Ulrich-2411-JaLa-7502-768x512.jpg 768w, https://dpsg-st-anno.de/wp-content/uploads/2025/05/©Bastian-Ulrich-2411-JaLa-7502-1536x1024.jpg 1536w, https://dpsg-st-anno.de/wp-content/uploads/2025/05/©Bastian-Ulrich-2411-JaLa-7502-450x300.jpg 450w, https://dpsg-st-anno.de/wp-content/uploads/2025/05/©Bastian-Ulrich-2411-JaLa-7502.jpg 2000w" sizes="(max-width: 1024px) 100vw, 1024px" /></figure>


<p data-start="93" data-end="416">Wir sind die Pfadis und immer bereit für neue Abenteuer. Am liebsten sind wir draußen unterwegs, am Lagerfeuer, auf Fahrt oder beim Planen eigener Aktionen. Dabei übernehmen wir Verantwortung für uns selbst und füreinander, probieren Neues aus und gestalten unsere Gruppenstunden aktiv mit. Ob wir für die jüngeren Stufen etwas auf die Beine stellen, eigene Projekte bauen oder gemeinsam ins Zeltlager fahren – bei uns ist immer was los.</p>
<p data-start="560" data-end="731" data-is-last-node="" data-is-only-node="">Du bist zwischen 13 und 16 Jahre alt und hast Lust, Teil einer starken Gruppe zu sein? Dann komm gerne einfach mal vorbei und mach mit – wir freuen uns auf neue Gesichter!</p>
<p>Montag, 19:15-20:30 Uhr, Aggerstraße 118 in Siegburg.</p>


<figure class="wp-block-image size-large"><img decoding="async" width="1024" height="683" src="https://dpsg-st-anno.de/wp-content/uploads/2025/05/DSC06158-1024x683.jpg" alt="" class="wp-image-2120" srcset="https://dpsg-st-anno.de/wp-content/uploads/2025/05/DSC06158-1024x683.jpg 1024w, https://dpsg-st-anno.de/wp-content/uploads/2025/05/DSC06158-300x200.jpg 300w, https://dpsg-st-anno.de/wp-content/uploads/2025/05/DSC06158-768x512.jpg 768w, https://dpsg-st-anno.de/wp-content/uploads/2025/05/DSC06158-1536x1024.jpg 1536w, https://dpsg-st-anno.de/wp-content/uploads/2025/05/DSC06158-2048x1365.jpg 2048w, https://dpsg-st-anno.de/wp-content/uploads/2025/05/DSC06158-450x300.jpg 450w" sizes="(max-width: 1024px) 100vw, 1024px" /></figure>



<p>Wir freuen uns auf Dich!</p>



<p>Die Pfadis</p>



<p>Kontakt: leiterrunde[at]dpsg-st-anno.de</p>



<p class="has-text-align-center">Unsere aktuellen Pfadileitenden:</p>



<div class="wp-block-columns is-layout-flex wp-container-core-columns-is-layout-28f84493 wp-block-columns-is-layout-flex">
<div class="wp-block-column is-layout-flow wp-block-column-is-layout-flow" style="flex-basis:100%">
<div class="wp-block-group is-layout-constrained wp-block-group-is-layout-constrained">
<figure class="wp-block-gallery has-nested-images columns-default is-cropped wp-block-gallery-1 is-layout-flex wp-block-gallery-is-layout-flex">
<figure class="wp-block-image size-full"><img decoding="async" width="768" height="768" data-id="2083" src="https://dpsg-st-anno.de/wp-content/uploads/2025/05/kathie-hompage.jpg" alt="" class="wp-image-2083" srcset="https://dpsg-st-anno.de/wp-content/uploads/2025/05/kathie-hompage.jpg 768w, https://dpsg-st-anno.de/wp-content/uploads/2025/05/kathie-hompage-300x300.jpg 300w, https://dpsg-st-anno.de/wp-content/uploads/2025/05/kathie-hompage-150x150.jpg 150w" sizes="(max-width: 768px) 100vw, 768px" /><figcaption class="wp-element-caption">Kathie</figcaption></figure>



<figure class="wp-block-image size-full"><img loading="lazy" decoding="async" width="768" height="768" data-id="2079" src="https://dpsg-st-anno.de/wp-content/uploads/2025/05/lara-rover-hompage.jpg" alt="" class="wp-image-2079" srcset="https://dpsg-st-anno.de/wp-content/uploads/2025/05/lara-rover-hompage.jpg 768w, https://dpsg-st-anno.de/wp-content/uploads/2025/05/lara-rover-hompage-300x300.jpg 300w, https://dpsg-st-anno.de/wp-content/uploads/2025/05/lara-rover-hompage-150x150.jpg 150w" sizes="(max-width: 768px) 100vw, 768px" /><figcaption class="wp-element-caption">Lara</figcaption></figure>



<figure class="wp-block-image size-large"><img loading="lazy" decoding="async" width="300" height="300" data-id="2133" src="https://dpsg-st-anno.de/wp-content/uploads/2025/05/IMG_0885-300x300-1.jpg" alt="" class="wp-image-2133" srcset="https://dpsg-st-anno.de/wp-content/uploads/2025/05/IMG_0885-300x300-1.jpg 300w, https://dpsg-st-anno.de/wp-content/uploads/2025/05/IMG_0885-300x300-1-150x150.jpg 150w" sizes="(max-width: 300px) 100vw, 300px" /><figcaption class="wp-element-caption">Julian</figcaption></figure>
</figure>
</div>
</div>
</div>



<p></p>

<p>Wir sind die Pfadis und immer bereit für neue Abenteuer. Am liebsten sind wir draußen unterwegs, am Lagerfeuer, auf Fahrt oder beim Planen eigener Aktionen. Dabei übernehmen wir Verantwortung für uns selbst und füreinander, probieren Neues aus und gestalten unsere Gruppenstunden aktiv mit. Ob wir für die jüngeren Stufen etwas auf die Beine stellen, eigene [&hellip;]</p>
